?
False
Is 37893991 a multiple of 5?
False
Does 658 divide 185460208?
False
Is 134 a factor of 4358485?
False
Does 139 divide 163055479?
True
Does 3 divide 4603298?
False
Does 5900 divide 295023600?
True
Does 315 divide 46908318?
False
Does 141 divide 62442555?
True
Does 304 divide 147054859?
False
Is 1475 a factor of 249562625?
True
Does 2 divide 4667536?
True
Is 154881853 even?
False
Is 2 a factor of 1680362?
True
Is 1654031 a multiple of 404?
False
Does 18 divide 3299581430?
False
Is 498 a factor of 89742242?
False
Does 151 divide 296146087?
False
Does 267 divide 6995128893?
False
Is 293 a factor of 111541877?
True
Is 93 a factor of 18895833?
True
Is 9977 a factor of 1924930761?
False
Is 952 a factor of 193494952?
True
Is 2107200 a multiple of 7?
False
Is 144757632 a multiple of 12?
True
Does 1016 divide 42476928?
True
Does 1954 divide 217628704?
True
Does 1998 divide 339536124?
True
Is 83 a factor of 42581755?
False
Does 206 divide 122502835?
False
Is 7 a factor of 2806263432?
True
Does 44 divide 54887888?
True
Is 10 a factor of 1046488770?
True
Is 93509730 a multiple of 4?
False
Is 40 a factor of 30370190?
False
Does 280 divide 75504759?
False
Does 894 divide 1172223528?
True
Is 7 a factor of 177904810?
False
Is 2 a factor of 1585955?
False
Does 633 divide 23837842?
False
Is 86826891 a multiple of 63?
False
Does 50 divide 1431435?
False
Is 68750669 a multiple of 113?
True
Is 64 a factor of 1417627392?
True
Is 4822818 a multiple of 273?
True
Does 99 divide 4183128?
False
Is 2325 a factor of 238675536?
False
Is 4121 a factor of 2304243119?
False
Is 516 a factor of 1153393655?
False
Is 1788 a factor of 25158948?
True
Is 711 a factor of 84226482?
True
Is 4061 a factor of 553063529?
True
Does 18 divide 1110238870?
False
Does 767 divide 42990275?
False
Is 119 a factor of 147783566?
False
Is 82984924 a multiple of 156?
False
Does 1023 divide 843465546?
True
Is 154027591 a multiple of 205?
False
Is 120 a factor of 5104320?
True
Is 65412627 a multiple of 86?
False
Is 18257356 a multiple of 116?
True
Is 181 a factor of 23174082?
False
Is 65 a factor of 799092125?
True
Is 725447688 a multiple of 21?
True
Is 1729986 a multiple of 186?
True
Is 933060096 a multiple of 86?
True
Is 63 a factor of 165760434?
True
Does 3113 divide 939973463?
True
Is 81677630 a multiple of 290?
True
Is 7425196 a multiple of 49?
False
Is 9 a factor of 1640991?
False
Is 89 a factor of 537631829?
False
Is 88 a factor of 1838877040?
True
Is 146008312 a multiple of 8?
True
Is 621 a factor of 18577576?
False
Does 4 divide 238478991?
False
Does 664 divide 179304568?
True
Is 3816 a factor of 5055482592?
True
Does 1946 divide 1022002209?
False
Is 455352850 a multiple of 115?
True
Is 4 a factor of 20788749?
False
Is 47 a factor of 62813232?
False
Is 395 a factor of 699808500?
False
Is 1638986680 a multiple of 12?
False
Does 233 divide 33006780?
True
Is 76102170 a multiple of 318?
True
Does 17 divide 193317904?
False
Does 2314 divide 3399881524?
True
Is 13551319 a multiple of 105?
False
Does 21 divide 94773275?
False
Does 309 divide 151778829?
False
Does 9 divide 275157270?
True
Is 59 a factor of 24160241?
False
Is 462 a factor of 381499272?
True
Is 1098 a factor of 83330455?
False
Is 70 a factor of 44465671?
False
Is 160820842 a multiple of 7?
True
Is 2387552100 a multiple of 15?
True
Does 3 divide 29574358?
False
Is 361 a factor of 783503407?
False
Is 53875302 a multiple of 13?
True
Is 7521943 a multiple of 2?
False
Does 21 divide 161990661?
True
Is 1403708840 a multiple of 28?
False
Is 361259996 a multiple of 25?
False
Does 17 divide 537999?
True
Is 453 a factor of 338235168?
True
Is 68952120 a multiple of 60?
True
Is 1509 a factor of 42756006?
True
Is 2 a factor of 12148602?
True
Does 154 divide 49725984?
True
Is 228 a factor of 104965500?
True
Is 1181 a factor of 10920707?
True
Is 27 a factor of 930478563?
True
Does 394 divide 513328790?
False
Is 5218 a factor of 4446111442?
False
Does 234 divide 567511980?
False
Does 556 divide 755041614?
False
Is 119 a factor of 180610541?
False
Is 136 a factor of 1037816611?
False
Is 2209 a factor of 5041956349?
True
Is 54 a factor of 2369512710?
True
Is 33867328 a multiple of 8?
True
Does 1426 divide 208235928?
True
Is 36716669 a multiple of 61?
False
Does 16 divide 3125682?
False
Is 9804864 a multiple of 12?
True
Does 279 divide 2728730313?
False
Does 259 divide 78325485?
True
Does 118 divide 90519570?
True
Does 11 divide 135289682?
True
Is 59164547 a multiple of 1280?
False
Does 14 divide 137307651?
False
Is 17613500 a multiple of 250?
True
Is 742162652 a multiple of 662?
False
Is 10 a factor of 228855110?
True
Is 1708 a factor of 805976164?
True
Is 191 a factor of 3081403?
True
Is 411836955 a multiple of 717?
False
Is 222320 a multiple of 3?
False
Does 15 divide 31140945?
True
Is 200362404 a multiple of 1931?
False
Does 166 divide 72418164?
True
Is 75 a factor of 18505488?
False
Is 280 a factor of 20099240?
True
Is 2 a factor of 504263154?
True
Is 28498838 a multiple of 42?
False
Is 56 a factor of 123456592?
True
Does 11 divide 1900516741?
False
Does 4645 divide 1122357415?
True
Is 387025125 a multiple of 25?
True
Does 115 divide 2695370?
True
Does 146 divide 72480377?
False
Is 31 a factor of 375849766?
True
Is 1242755790 a multiple of 2690?
True
Does 351 divide 1509315331?
False
Does 84 divide 4402599906?
False
Is 259 a factor of 102399276?
True
Does 421 divide 2318447?
True
Is 421 a factor of 99201809?
False
Does 16 divide 813755586?
False
Does 2076 divide 733571208?
True
Is 562 a factor of 41775146?
True
Is 21821630 a multiple of 7?
False
Is 73973705 a multiple of 13?
True
Is 6 a factor of 584709852?
True
Is 687 a factor of 423354819?
True
Does 285 divide 436169644?
False
Is 23026806 a multiple of 33?
True
Is 116 a factor of 3345092?
True
Is 17072549 a multiple of 7?
False
Does 81 divide 123528240?
True
Is 42970928 a multiple of 50?
False
Does 3516 divide 14527159?
False
Is 503 a factor of 251411472?
True
Does 67 divide 120750549?
True
Is 2746 a factor of 61043580?
True
Is 99164693 a multiple of 1362?
False
Is 661 a factor of 22683635?
False
Does 233 divide 13049165?
True
Does 4 divide 56025062?
False
Is 747585734 a multiple of 7?
True
Does 2064 divide 512326080?
True
Is 19 a factor of 453690683?
True
Does 111 divide 2546888229?
True
Is 1504624157 a multiple of 17?
False
Is 239 a factor of 87766180?
False
Is 294505806 a multiple of 12?
False
Is 1587 a factor of 58642824?
True
Is 29 a factor of 8953037?
False
Does 2923 divide 707305432?
False
Is 3994 a factor of 167661762?
False
Does 4 divide 22577512?
True
Is 1728 a factor of 20456064?
True
Is 1038 a factor of 1265322?
True
Does 13 divide 6150357?
False
Is 31 a factor of 11101131?
True
Is 54 a factor of 62844390?
True
Is 39158231 a multiple of 42?
False
Is 79184037 a multiple of 44?
False
Is 101 a factor of 522693584?
True
Is 6 a factor of 8498874?
True
Does 493 divide 169368671?
True
Does 179 divide 53431497?
False
Is 3774 a factor of 1966990781?
False
Is 89 a factor of 11792144?
True
Does 9 divide 1237097405?
False
Is 4487 a factor of 284040561?
True
Does 122 divide 32286194?
False
Is 765 a factor of 1842500263?
False
Is 33 a factor of 8451267?
True
Does 47 divide 235572413?
True
Does 1292 divide 50704013?
False
Does 1498 divide 281590874?
False
Is 1134581400 a multiple of 930?
True
Does 17 divide 25378246?
True
Is 335402248 a multiple of 68?
True
Is 16176427 a multiple of 18?
False
Is 1190 a factor of 265985230?
True
Is 67250944 a multiple of 2372?
True
Does 119 divide 98146075?
False
Does 68 divide 258164906?
False
Is 23 a factor of 161390402?
True
Does 198 divide 14390442?
True
Does 355 divide 18333620?
True
Does 429 divide 18176643?
False
Is 51421838 a multiple of 317?
True
Does 3 divide 24012161?
False
Is 988 a factor of 299603633?
False
Is 2793875342 a multiple of 18?
False
Is 7843830 a multiple of 705?
True
Is 29747174 a multiple of 9?
False
Is 11 a factor of 70253322?
False
Does 115 divide 37634670?
True
Does 4 divide 11414767?
False
Is 1964 a factor of 42570663?
False
Is 1284 a factor of 304873625?
False
Is 120 a factor of 1046989883?
False
Is 1138731352 a multiple of 22?
True
Does 39 divide 15814227?
True
Does 609 divide 6902213680?
False
Does 14 divide 1221621612?
Fals